
Does 210 divide 3073980?
True
Does 7 divide 118364?
False
Is 5777965 a multiple of 57?
False
Is 52895 even?
False
Does 12 divide 4706711?
False
Is 23 a factor of 280991?
True
Is 5379610 a multiple of 41?
True
Is 5 a factor of 124178?
False
Is 11 a factor of 144287?
True
Is 151 a factor of 290071?
True
Is 1739410 a multiple of 31?
True
Does 7 divide 7336567?
True
Is 6 a factor of 69579?
False
Does 3 divide 683565?
True
Is 16003296 a multiple of 232?
False
Does 32 divide 4603456?
True
Is 3475704 a multiple of 5?
False
Is 15325202 a multiple of 20?
False
Is 5 a factor of 3124?
False
Does 24 divide 307944?
True
Does 49 divide 179859?
False
Is 33 a factor of 2462130?
True
Is 492000 a multiple of 125?
True
Does 69 divide 199479?
True
Is 277 a factor of 297109?
False
Is 243 a factor of 98901?
True
Is 73451 a multiple of 231?
False
Does 109 divide 5185457?
True
Does 12 divide 3075612?
True
Is 99 a factor of 70191?
True
Is 6 a factor of 1237740?
True
Does 160 divide 153760?
True
Does 13 divide 163569?
False
Does 4 divide 78940?
True
Is 9083414 a multiple of 35?
False
Does 173 divide 99648?
True
Does 869 divide 8723891?
True
Is 1078010 a multiple of 215?
True
Does 15 divide 3332400?
True
Is 20 a factor of 217802?
False
Is 27 a factor of 634436?
False
Is 27 a factor of 18657?
True
Does 42 divide 289002?
True
Is 1098123 a multiple of 15?
False
Is 12899951 a multiple of 13?
False
Is 15 a factor of 211253?
False
Is 181064 a multiple of 4?
True
Is 227 a factor of 54981?
False
Is 423238 a multiple of 212?
False
Is 21 a factor of 23502?
False
Does 39 divide 7204522?
False
Is 117940 a multiple of 4?
True
Does 14 divide 21233702?
True
Is 5 a factor of 464390?
True
Does 521 divide 3471423?
True
Does 86 divide 888999?
False
Is 491038 a multiple of 442?
False
Does 30 divide 47871?
False
Is 103513 a multiple of 6?
False
Does 14 divide 863492?
True
Is 265998 a multiple of 167?
False
Is 637624 a multiple of 5?
False
Does 133 divide 136817?
False
Is 371 a factor of 511238?
True
Does 113 divide 68930?
True
Is 21 a factor of 1415925?
True
Is 18 a factor of 5324508?
True
Is 984624 a multiple of 562?
True
Does 92 divide 140484?
True
Is 64 a factor of 7315040?
False
Is 332 a factor of 4123440?
True
Is 807271 a multiple of 715?
False
Does 5 divide 70600?
True
Does 44 divide 13089159?
False
Is 51 a factor of 4641102?
True
Is 1977684 a multiple of 29?
True
Does 104 divide 3980422?
False
Is 53363 a multiple of 13?
False
Is 19 a factor of 19600?
False
Does 11 divide 2680271?
True
Is 39 a factor of 388869?
True
Is 156607 a multiple of 119?
False
Is 17 a factor of 6633519?
True
Is 10 a factor of 772890?
True
Is 6 a factor of 27781?
False
Is 84316 a multiple of 27?
False
Is 356 a factor of 1688864?
True
Does 78 divide 1501931?
False
Is 24 a factor of 512280?
True
Is 7783425 a multiple of 18?
False
Does 51 divide 1368993?
True
Does 116 divide 2593992?
True
Is 6167920 a multiple of 5?
True
Does 239 divide 105877?
True
Is 407772 a multiple of 482?
True
Does 11 divide 4563669?
True
Does 25 divide 31459?
False
Is 59 a factor of 17464?
True
Does 8 divide 177147?
False
Is 3240510 a multiple of 65?
True
Does 72 divide 130320?
True
Does 15 divide 186015?
True
Does 32 divide 429568?
True
Is 506507 a multiple of 388?
False
Does 188 divide 1229593?
False
Is 1147974 a multiple of 711?
False
Is 112799 a multiple of 5?
False
Is 138 a factor of 32647?
False
Is 195 a factor of 1254052?
False
Is 570635 a multiple of 13?
True
Does 14 divide 17999511?
False
Does 1875 divide 5180374?
False
Is 349872 a multiple of 37?
True
Is 33 a factor of 11974100?
False
Does 142 divide 40328?
True
Does 91 divide 1307306?
True
Is 80 a factor of 5067920?
True
Does 27 divide 9205074?
False
Does 168 divide 32424?
True
Is 181 a factor of 257536?
False
Is 244 a factor of 57216?
False
Is 39 a factor of 15678?
True
Is 25 a factor of 1639325?
True
Does 192 divide 4822656?
True
Does 64 divide 3424064?
True
Does 361 divide 148412?
False
Is 7373743 a multiple of 13?
True
Is 1074 a factor of 1747398?
True
Is 666 a factor of 1639087?
False
Does 118 divide 950502?
False
Is 18226 a multiple of 303?
False
Is 195 a factor of 110511?
False
Is 42 a factor of 578799?
False
Is 8 a factor of 135815?
False
Is 26 a factor of 1618041?
False
Is 34 a factor of 412522?
True
Is 23 a factor of 439253?
False
Is 14 a factor of 268142?
True
Is 3857874 a multiple of 99?
False
Is 28 a factor of 95784?
False
Is 129 a factor of 9974325?
False
Does 183 divide 17794005?
True
Is 834309 a multiple of 19?
True
Is 13 a factor of 299176?
False
Does 17 divide 262742?
False
Is 11 a factor of 735328?
True
Does 9 divide 12413138?
False
Is 186 a factor of 57282?
False
Is 1036453 a multiple of 8?
False
Does 15 divide 14016675?
True
Is 1898 a factor of 14280552?
True
Is 184465 a multiple of 395?
True
Is 3 a factor of 44847?
True
Is 48 a factor of 806657?
False
Does 316 divide 133352?
True
Does 6 divide 593838?
True
Is 2660296 a multiple of 15?
False
Does 179 divide 1513624?
True
Does 15 divide 107037?
False
Is 74399 a multiple of 13?
True
Does 33 divide 82835?
False
Is 2919084 a multiple of 17?
False
Is 3701114 a multiple of 11?
False
Is 30 a factor of 390202?
False
Is 12 a factor of 63276?
True
Does 10 divide 51000?
True
Does 47 divide 10810?
True
Does 13 divide 1679899?
True
Is 385414 a multiple of 21?
False
Is 19 a factor of 31730?
True
Is 11576400 a multiple of 100?
True
Does 1026 divide 260089?
False
Is 478580 a multiple of 5?
True
Is 370702 a multiple of 6?
False
Does 262 divide 1767452?
True
Is 9023698 a multiple of 98?
False
Does 63 divide 30712?
False
Does 169 divide 112240?
False
Is 86334 a multiple of 6?
True
Does 13 divide 302172?
True
Is 208336 a multiple of 513?
False
Is 412306 a multiple of 9?
False
Does 42 divide 1166886?
True
Does 10 divide 4321844?
False
Does 8 divide 1009344?
True
Is 654 a factor of 4785328?
False
Is 11 a factor of 4246?
True
Does 33 divide 2250792?
False
Does 12 divide 7584?
True
Is 29952523 a multiple of 39?
False
Is 1617713 a multiple of 146?
False
Is 5 a factor of 120619?
False
Is 29389296 a multiple of 58?
True
Is 83 a factor of 379227?
True
Is 1964912 a multiple of 11?
False
Is 990 a factor of 1362133?
False
Does 74 divide 171497?
False
Does 252 divide 645372?
True
Is 645404 a multiple of 98?
False
Does 319 divide 594263?
False
Is 2 a factor of 467135?
False
Does 330 divide 123420?
True
Is 58 a factor of 13350?
False
Does 20 divide 2454000?
True
Is 1864500 a multiple of 550?
True
Is 493429 a multiple of 42?
False
Is 66 a factor of 83094?
True
Does 49 divide 2619813?
False
Does 11 divide 25483?
False
Is 492888 a multiple of 255?
False
Does 4 divide 104508?
True
Is 4240236 a multiple of 353?
True
Is 78240 a multiple of 15?
True
Is 1237830 a multiple of 55?
True
Is 2419700 a multiple of 12?
False
Does 110 divide 3565242?
False
Is 9 a factor of 129690?
True
Is 126096 a multiple of 71?
True
Is 511 a factor of 2941468?
False
Is 19 a factor of 108414?
True
Is 13285510 a multiple of 14?
True
Does 296 divide 116674?
False
Does 3 divide 2167?
False
Is 182 a factor of 3923556?
True
Is 76752 a multiple of 39?
True
Is 139 a factor of 116482?
True
Is 903840 a multiple of 807?
True
Is 175430 a multiple of 46?
False
Does 232 divide 6249377?
False
Is 2164386 a multiple of 40?
False
Is 459292 a multiple of 398?
True
Is 614 a factor of 527426?
True
Is 63 a factor of 41915?
False
Is 19 a factor of 21656?
False
Does 5 divide 741704?
False
Is 164626 a multiple of 14?
True
Is 15 a factor of 1780845?
True
Is 125877 a multiple of 35?
False
Is 292450 a multiple of 241?
False
Does 127 divide 296291?
True
Does 292 divide 724452?
True
Is 90 a factor of 79650?
True
Is 48 a factor of 339312?
True
Is 15265 a multiple of 30?
False
Is 5 a factor of 99480?
True
Is 55 a factor of 3350160?
True
Does 751 divide 818590?
True
Is 128800 a multiple of 10?
True
Does 34 divide 3334172?
False
Does 14 divide 141064?
True
Is 5309 a multiple of 41?
False
Is 13332 a multiple of 66?
True
Is 79 a factor of 8351564?
True
Does 19 divide 87153?
True
Is 419980 a multiple of 18?
False
Is 19 a factor of 1015470?
False
Is 394774 a multiple of 431?
False
Does 20 divide 63800?
True
Is 4628449 a multiple of 33?
False
Is 33736 a multiple of 5?
False
Is 109 a factor of 72367?
False
